63. Calculate w(34).
-7
Let f(y) = -y**2 - 4*y + 5. Give f(-9).
-40
Let n(l) = 20*l - 3. What is n(3)?
57
Let v(l) = 7*l**2 - 2*l + 2. Give v(2).
26
Let z(l) = -l**3 - l - 63. What is z(0)?
-63
Let r(q) = -q**3 + 9*q**2 - 10*q + 17. Calculate r(8).
1
Let q(m) = -m - 10. What is q(-5)?
-5
Let t(g) = g**3 + 6*g**2 - 6*g - 1. What is t(-6)?
35
Let y(s) = s**3 - 9*s**2 - 8*s + 14. Determine y(10).
34
Let b(s) = s**3 + 19*s**2 + 13*s - 16. Determine b(-18).
74
Let u(y) = y**3 - 11*y**2 + 4*y + 44. Give u(10).
-16
Let c(u) = 5*u**2 + 2*u - 2. Calculate c(2).
22
Let o(g) = g**3 + 12*g**2 + 2*g + 15. What is o(-12)?
-9
Let f(o) = -3*o + 20. Give f(13).
-19
Let d(s) = s**3 - 8*s**2 + 5*s - 5. Give d(7).
-19
Let w(i) = -i**2 - 8*i - 8. Determine w(-6).
4
Let d(p) = -p**2 - 4*p. What is d(-5)?
-5
Let p(o) = -o**2 - 2*o - 5. Determine p(-5).
-20
Let j(q) = -q**3 + 3*q**2 - 3*q + 6. Calculate j(3).
-3
Let k(u) = 10*u - 83. What is k(11)?
27
Let m(h) = h + 1. Calculate m(-1).
0
Let i(r) = 5*r**2 - 3*r - 11. Give i(-5).
129
Let x(z) = z**2 - 6*z - 10. Determine x(7).
-3
Let v(k) = -5*k + 20. Determine v(9).
-25
Let j(v) = v**3 + 5*v**2 + 3*v + 4. Give j(-6).
-50
Let w(v) = -10*v - 7. Determine w(3).
-37
Let o(z) = 4*z - 19. Give o(4).
-3
Let u(z) = -7*z**3 - z**2 - 3*z - 3. What is u(-1)?
6
Let y(b) = 5*b**2 + 122*b + 44. Determine y(-24).
-4
Let a(q) = q**2 + 16*q + 17. Give a(-15).
2
Let x(v) = v**3 - 31*v**2 + 151*v - 2. What is x(25)?
23
Let j(k) = 3*k**3 + 33*k**2 - k + 19. Give j(-11).
30
Let d(z) = -z**2 - 2*z - 11. Determine d(-7).
-46
Let l(m) = -m - 4. What is l(9)?
-13
Let u(d) = d**3 + 7*d**2 - 11*d - 19. What is u(-8)?
5
Let u(i) = 5*i + 6. Determine u(-5).
-19
Let f(v) = v**2 - 36*v + 169. Give f(31).
14
Let a(b) = -b**2 + 7*b + 1. Calculate a(8).
-7
Let s(l) = -53*l - 423. Calculate s(-8).
1
Let r(o) = -o**3 + 5*o**2 + 4*o. Calculate r(6).
-12
Let c(z) = -z - 2. Calculate c(-5).
3
Let d(q) = q**3 - 17*q**2 + 17*q - 16. Give d(16).
0
Let w(n) = -3*n + 17. Calculate w(14).
-25
Let l(s) = -2*s**2 + 8*s - 8. Determine l(3).
-2
Let j(z) = -4*z**2 + 8*z + 1. Give j(6).
-95
Let q(v) = -v**2 + 7*v - 2. Give q(5).
8
Let k(l) = -l**3 + 11*l**2 - 12*l - 31. What is k(10)?
-51
Let i(f) = f**2 + 9*f + 9. Give i(-7).
-5
Let m(l) = 32*l - 52. What is m(3)?
44
Let s(g) = g**3 - 7*g**2 + 7*g - 6. Give s(5).
-21
Let n(s) = -s**3 + 8*s**2 + s - 3. Give n(8).
5
Let k(x) = 17*x + 119. Calculate k(-7).
0
Let y(f) = -13*f - 19. What is y(-2)?
7
Let l(q) = 5*q - 254. Determine l(49).
-9
Let z(p) = p**3 - 77*p**2 - 159*p + 78. Give z(79).
-1
Let t(m) = 8*m - 90. Determine t(17).
46
Let m(x) = -5*x - 5. What is m(-5)?
20
Let d(x) = x**3 - 6*x**2 - 3*x - 25. What is d(7)?
3
Let z(n) = -2*n**3 + 11*n**2 - n - 16. What is z(5)?
4
Let j(s) = 2*s + 38. Calculate j(-22).
-6
Let j(x) = 4*x - 2. Determine j(0).
-2
Let w(t) = -t**2 - 6*t - 14. Give w(-8).
-30
Let r(k) = k**3 - 5*k**2 + k - 3. Give r(3).
-18
Let w(d) = -d**3 + d**2 - d + 1. What is w(2)?
-5
Let k(a) = -88*a + 339. Determine k(4).
-13
Let z(l) = -18*l. Give z(1).
-18
Let g(c) = -6*c - 2. Calculate g(-5).
28
Let f(z) = z**2 - 19*z + 106. Calculate f(11).
18
Let f(s) = 14*s + 21. Give f(4).
77
Let o(f) = f - 13. Calculate o(7).
-6
Let m(w) = 4*w**2 - w - 3. What is m(4)?
57
Let f(b) = b**3 + 31*b**2 + 27*b + 6. Calculate f(-30).
96
Let g(a) = 2*a**2 - 7*a + 5. Calculate g(8).
77
Let b(h) = -15*h**3 - 2*h + 3. Give b(2).
-121
Let o(r) = -6*r**3 + r - 1. Determine o(-2).
45
Let w(f) = -f**3 - 8*f**2 - 5*f - 16. Give w(-6).
-58
Let v(n) = n**3 - 12*n**2 + 9*n + 10. Calculate v(11).
-12
Let d(j) = -41*j - 1. Calculate d(-1).
40
Let v(s) = s**2 + s - 13. What is v(5)?
17
Let c(n) = n**3 - n**2 - 8*n - 11. What is c(-2)?
-7
Let q(j) = j**3 - 4*j**2 - 15*j - 6. Calculate q(6).
-24
Let j(l) = 5*l - 7. What is j(4)?
13
Let o(s) = 29*s - 299. Calculate o(10).
-9
Let h(m) = -29*m**2 - 2*m. Give h(-1).
-27
Let d(i) = i**3 - 2*i**2 - i + 4. Calculate d(3).
10
Let h(c) = -5*c - 41. Calculate h(8).
-81
Let q(r) = -r**3 - 10*r**2 + 4*r + 19. Calculate q(-10).
-21
Let v(k) = 5*k**2. What is v(2)?
20
Let p(q) = q**3 - 6*q**2 + 11. Give p(5).
-14
Let l(x) = 2*x**2 + 15*x + 3. Give l(-10).
53
Let o(q) = 3*q - 20. What is o(7)?
1
Let n(j) = 5*j + 15. Calculate n(-8).
-25
Let u(a) = 2*a**2 + 12*a. Give u(-6).
0
Let u(o) = o**3 + 3*o**2 - o + 4. Determine u(-5).
-41
Let f(j) = 62*j**3 - j**2. What is f(-1)?
-63
Let s(i) = -35*i + 401. What is s(12)?
-19
Let n(a) = -a**3 - 3*a**2 - 7. Determine n(-3).
-7
Let r(y) = 7*y + 3. Determine r(9).
66
Let y(q) = 3*q**2 + 8*q + 3. What is y(-5)?
38
Let d(i) = -i**3 - 27*i**2 + 31*i + 90. Give d(-28).
6
Let s(w) = -w**2 + w + 33. Give s(-5).
3
Let n(y) = 4*y + 16. What is n(7)?
44
Let l(m) = m**3 - 4*m**2 + 12*m - 24. Calculate l(3).
3
Let i(s) = -2*s**2 + 24*s + 6. What is i(11)?
28
Let t(q) = -109*q**3 + 2*q**2 - 3*q + 1. What is t(1)?
-109
Let b(g) = -2*g**2 - 6*g + 8. Calculate b(4).
-48
Let c(a) = -a**2 + 30*a - 88. What is c(3)?
-7
Let w(x) = 8*x - 1. What is w(-2)?
-17
Let x(v) = 3*v**3 + 27*v**2 - 14*v - 131. Calculate x(-9).
-5
Let n(g) = 7*g**3 + g**2 + g - 1. What is n(1)?
8
Let t(z) = -z**2 + 6*z - 11. Determine t(5).
-6
Let z(j) = -j**3 - 7*j**2 - 10*j + 3. Give z(-3).
-3
Let x(b) = b + 7. Give x(-19).
-12
Let b(y) = -6*y - 28. Give b(-7).
14
Let h(k) = -2*k - 21. Determine h(-10).
-1
Let p(d) = -d**2 - 11*d - 8. Give p(-9).
10
Let u(y) = -y**2 - 35*y - 103. Calculate u(-31).
21
Let q(x) = 34*x - 103. Calculate q(3).
-1
Let o(l) = 4*l**2 + 4*l - 21. Give o(-3).
3
Let n(s) = -165*s**3 - 2*s**2 + s. Determine n(1).
-166
Let l(a) = -a**3 + 7*a**2 - 6*a + 7. Give l(6).
7
Let x(q) = -2*q**3 - 68*q**2 - 66*q - 22. What is x(-33)?
-22
Let z(l) = -l + 22. Give z(13).
9
Let m(b) = b**2 + 23*b - 28. Give m(-24).
-4
Let c(h) = 3*h - 14. Give c(7).
7
Let c(y) = -y + 2. What is c(8)?
-6
Let l(g) = 55*g - 56. What is l(1)?
-1
Let r(q) = 6*q**2 - 39*q + 14. Give r(6).
-4
Let m(h) = -2*h**2 + 35*h - 14. Give m(18).
-32
Let u(f) = 2*f**2 - f - 34. Give u(9).
119
Let f(l) = l**3 - 6*l**2 - 10*l - 3. Give f(7).
-24
Let p(x) = x - 2. What is p(-6)?
-8
Let s(u) = -2*u**3 - 2*u**2 + u + 1. Determine s(-2).
7
Let p(d) = -d**3 - 37*d**2 + 41*d + 115. Calculate p(-38).
1
Let q(h) = h**2 + 7*h - 1. What is q(-4)?
-13
Let o(j) = -j**2 + 3*j + 44. Calculate o(-6).
-10
Let m(g) = g**3 + 19*g**2 - 3*g - 58. Determine m(-19).
-1
Let s(w) = -10*w - 63. What is s(-7)?
7
Let j(c) = c**3 - 9*c**2 + 10*c - 6. Give j(8).
10
Let w(y) = y**2 - 13*y + 22. What is w(11)?
0
Let i(x) = -x**3 + 15*x**2 + 42*x - 151. Calculate i(17).
-15
Let h(i) = 29*i - 31. Calculate h(1).
-2
Let a(f) = 2*f**2 - 19*f + 10. What is a(8)?
-14
Let w(c) = -c**2 + 23*c - 12. Give w(21).
30
Let v(c) = -c**2 - c + 7. Determine v(-3).
1
Let q(n) = n**2 - 11*n + 44. Calculate q(6).
14
Let v(l) = 2*l + 5. Give v(4).
13
Let j(s) = s**2 + 13*s - 28. Determine j(-16).
20
Let p(g) = g**2 - 10*g - 84. Determine p(16).
12
Let h(j) = 2*j**3 - 10*j**2 + 9*j - 9. Calculate h(4).
-5
Let w(k) = k**3 + 8*k**2 - 9*k + 1. Give w(-9).
1
Let v(y) = -y**3 + 16*y**2 - 17*y + 25. Give v(15).
-5
Let k(s) = -2*s**2 + 8*s + 18. Determine k(-2).
-6
Let q(k) = -k**2 - 7*k - 2. Calculate q(-6).
4
Let o(d) = -21*d**3 - 2*d**2 + 1. Determine o(-1).
20
Let a(r) = -4*r**2 - 9*r - 2. Give a(-4).
-30
Let w(g) = 8*g - 6. Determine w(-4).
-38
Let d(c) = -c**3 - 10*c**2 + 3*c + 12. Give d(-10).
-18
Let d(n) = 2*n + 21. Determine d(15).
51
Let s(x) = x**3 - 6*x**2 - 7*x - 22. Determine s(7).
-22
Let k(r) = 11*r + 2. What is k(-4)?
-42
Let i(v) = -v**3 - 2*v**2 + 9*v + 8. Determine i(4).
-52
Let g(y) = -2*y**2 + 24*y - 90. Determine g(6).
-18
Let z(b) = b**2 + 2*b - 3. Give z(-3).
0
Let i(j) = -6*j - 128. Calculate i(-19).
-14
Let g(s) = -3*s + 17. Give g(5).
2
Let j(s) = 4*s**3 + 4. Determine j(-3).
-104
Let d(m) = 9*m - 58. Determine d(5).
-13
Let q(n) = n + 17. Determine q(-13).
4
Let m(l) = l - 11. Calculate m(-5).
-16
Let c(h) = -5*h + 22. Determine c(8).
-18
Let v(t) = -8*t + 39. Determine v(5).
-1
Let w(l) = -l**3 + 11*l**2 - 8*l - 9. Give w(10).
11
Let i(k) = -k**2 - 9*k - 9. Give i(-5).
11
Let l(m) = -m**3 - 17*m**2 - 16*m - 10. Give l(-16).
-10
Let y(h) = h**2 - 4*h + 2. Calc